656
Let a(i) = -7*i**2 - 1310*i + 13805. Give a(10).
5
Let z(g) = -7*g**3 + 11*g**2 - 7. Determine z(2).
-19
Let x(q) = 7*q**2 - 65*q + 13. What is x(9)?
-5
Let f(l) = l**3 - 18*l**2 - 46*l + 500. What is f(19)?
-13
Let y(o) = 71*o - 53. Give y(-2).
-195
Let g(y) = -y**2 + 19*y + 98. Determine g(-5).
-22
Let a(n) = -451*n - 15316. What is a(-34)?
18
Let q(r) = 666*r - 3309. What is q(5)?
21
Let a(x) = 3588*x - 93285. Determine a(26).
3
Let i(o) = -o**3 + 2*o**2 + 100*o - 546. What is i(6)?
-90
Let f(p) = -579*p - 574. What is f(-1)?
5
Let q(s) = 2*s**3 + 71*s**2 - 38*s - 221. What is q(-36)?
-149
Let m(x) = 120*x**2 - 21*x + 2. Calculate m(-1).
143
Let y(w) = -8*w + 510. Give y(-43).
854
Let y(a) = -a**3 + 13*a**2 - 12*a + 25. Give y(6).
205
Let d(h) = -4*h**2 + 13*h + 84. What is d(-5)?
-81
Let g(a) = 4*a**2 + 271*a + 2116. What is g(-9)?
1
Let t(s) = 2*s**3 + 5*s**2 - 16*s + 7. Give t(3).
58
Let m(x) = 269*x - 11843. What is m(44)?
-7
Let a(g) = -1181*g - 8232. Calculate a(-7).
35
Let k(b) = b**3 - 46*b**2 + 501*b + 330. Give k(27).
6
Let o(z) = 3*z**3 - 11*z**2 + 10*z - 3. What is o(2)?
-3
Let i(b) = b**3 - 6*b**2 - 8*b + 1. Determine i(7).
-6
Let s(q) = -50*q - 997. Calculate s(-19).
-47
Let p(m) = -m**2 + 43*m + 168. What is p(47)?
-20
Let f(c) = c**3 + 68*c**2 + 160*c + 1849. What is f(-66)?
1
Let h(g) = -9*g**2 - 52*g + 805. Calculate h(7).
0
Let t(u) = -3*u**2 - 213*u - 247. Determine t(-68).
365
Let l(j) = -4*j**3 + 3*j + 8. Give l(-2).
34
Let c(z) = -248*z - 2003. Calculate c(-8).
-19
Let c(d) = 4*d**2 - 51*d - 113. Give c(15).
22
Let a(o) = -o**3 - 18*o**2 + 114*o + 2245. Determine a(-17).
18
Let y(g) = 8*g**2 + 14*g - 12. Determine y(-7).
282
Let q(p) = 13374*p - 37. Give q(0).
-37
Let b(w) = -w**3 + 15*w**2 + 102*w - 1374. Determine b(16).
2
Let c(t) = 9*t**3 + 1051*t**2 - 235*t - 113. Calculate c(-117).
4
Let n(d) = -172*d - 1212. Determine n(-7).
-8
Let r(z) = 111*z**2 - 653*z - 54. What is r(6)?
24
Let t(w) = -w**2 - 6*w + 50. Give t(13).
-197
Let x(q) = -9*q**2 - 11*q. Give x(2).
-58
Let d(f) = 10*f + 111. Calculate d(-16).
-49
Let w(o) = -o**3 + 9*o**2 + 321*o + 462. Calculate w(-13).
7
Let n(m) = m**2 + 6*m - 361. Determine n(16).
-9
Let z(g) = -6*g - 82. Give z(20).
-202
Let i(f) = f**2 - 10*f + 11. Give i(26).
427
Let z(l) = -7*l**2 + 43*l + 252. Calculate z(-6).
-258
Let p(z) = 420*z + 6721. What is p(-16)?
1
Let n(w) = 18*w - 356. What is n(29)?
166
Let h(a) = -361*a - 2548. Calculate h(-7).
-21
Let y(o) = 12*o**2 - 53*o - 1. Determine y(6).
113
Let y(v) = 2*v**2 - 26*v - 95. What is y(12)?
-119
Let h(g) = 4*g**2 - 67*g - 797. Give h(-8).
-5
Let n(c) = -71*c + 838. Calculate n(12).
-14
Let c(h) = h**3 + 41*h**2 - 359*h - 14700. What is c(-41)?
19
Let h(c) = -2037*c + 8153. Determine h(4).
5
Let c(r) = 39*r - 744. Determine c(19).
-3
Let z(p) = -47*p**2 + 33*p + 97. Give z(-1).
17
Let q(l) = -3*l**2 - 396*l - 2619. Calculate q(-7).
6
Let z(w) = 204*w + 2913. Calculate z(-15).
-147
Let s(c) = c**2 - 15*c - 8. Determine s(13).
-34
Let x(w) = 48*w - 834. What is x(18)?
30
Let x(f) = 2*f**2 + 5*f - 6. Calculate x(-7).
57
Let p(w) = 3*w**2 - 73*w - 427. Calculate p(-5).
13
Let y(x) = -577*x + 4. Give y(0).
4
Let x(v) = -90*v - 623. What is x(-7)?
7
Let w(o) = -o**2 + 135*o - 4209. What is w(50)?
41
Let c(p) = -p**3 - 11*p**2 + 24*p - 6. Determine c(-11).
-270
Let f(j) = -j**3 + 2*j**2 - 9*j - 14. Determine f(-6).
328
Let i(u) = 14*u**2 + 5*u + 4. Calculate i(-3).
115
Let u(k) = -11*k - 897. Calculate u(-82).
5
Let v(b) = -10*b**2 + 1353*b + 953. Determine v(136).
1
Let r(d) = 280*d + 6722. Calculate r(-24).
2
Let w(z) = 8*z**2 + 19*z - 195. Give w(4).
9
Let h(g) = -g**3 + 132*g**2 + 2369*g - 121. Give h(148).
27
Let m(q) = q**3 + 21*q**2 - 28*q + 72. What is m(-22)?
204
Let q(r) = 1412*r - 2845. What is q(2)?
-21
Let m(g) = g**3 + 699*g**2 + 18. Give m(0).
18
Let m(c) = c**2 + 102*c - 896. Determine m(8).
-16
Let i(y) = 59*y**3 + 649*y**2 - y + 36. Determine i(-11).
47
Let q(m) = m**3 - 40*m**2 - 161*m - 664. Give q(44).
-4
Let v(s) = 12*s**2 + 751*s - 309. What is v(-63)?
6
Let r(u) = -u**3 + 60*u**2 - 171*u + 10. Calculate r(57).
10
Let f(y) = -y**3 + 7*y**2 + 37*y - 17. What is f(10)?
53
Let b(q) = 3728*q - 3723. What is b(1)?
5
Let o(z) = 288*z + 563. Give o(-2).
-13
Let k(a) = 16*a**3 - 8*a**2 + 14*a - 6. What is k(3)?
396
Let y(l) = l**3 + 2*l**2 - 5*l + 39. Give y(0).
39
Let r(a) = 11*a + 271. Calculate r(22).
513
Let w(q) = q**3 + 80*q**2 + 141*q - 1154. What is w(-78)?
16
Let b(s) = 12*s**2 + 49*s + 15. What is b(-4)?
11
Let q(m) = -124*m - 6759. Give q(-55).
61
Let h(y) = y**2 - 21*y + 69. Calculate h(23).
115
Let d(h) = -186*h + 1872. What is d(10)?
12
Let t(i) = -240*i - 5115. Give t(-21).
-75
Let o(v) = -254*v - 803. Calculate o(-3).
-41
Let y(v) = -5617*v - 11226. Give y(-2).
8
Let u(i) = 2*i**2 - 10*i + 4. Determine u(7).
32
Let u(r) = -54*r**2 + 4916*r - 177. Give u(91).
5
Let d(s) = -5*s**2 + 61*s - 84. What is d(12)?
-72
Let d(s) = 31*s - 20. Calculate d(-8).
-268
Let q(z) = z**3 + 9*z**2 - 14*z - 28. Calculate q(-11).
-116
Let a(o) = -491*o - 488. Give a(-1).
3
Let l(y) = -y**3 + 85*y**2 + 261*y + 210. Determine l(88).
-54
Let m(a) = -a**3 - 17*a**2 - 20*a - 46. Determine m(-16).
18
Let s(k) = k**3 - 13*k**2 + 3*k - 49. Give s(13).
-10
Let v(g) = 23*g + 158. Give v(-7).
-3
Let o(m) = m + 1. Calculate o(24).
25
Let v(b) = -2*b**3 - 196*b**2 + 818*b + 206. What is v(-102)?
2
Let m(w) = w**3 + 4*w**2 + 13*w + 55. Calculate m(-4).
3
Let n(h) = -20*h + 165. Give n(5).
65
Let l(m) = m**3 - 29*m**2 - 23*m + 93. What is l(30)?
303
Let l(q) = 2*q**3 - 15*q**2 - 8*q + 21. Determine l(8).
21
Let t(v) = 32*v - 2999. Give t(93).
-23
Let v(k) = 4*k**2 + 11*k - 132. Calculate v(-7).
-13
Let n(s) = -2*s**3 - 10*s**2 + 32*s + 107. What is n(-6)?
-13
Let c(f) = f**3 + 7*f**2 - 27*f - 167. Determine c(-8).
-15
Let u(c) = 14*c - 715. Give u(32).
-267
Let d(o) = -7820*o - 86016. Give d(-11).
4
Let i(u) = 154*u - 25. What is i(0)?
-25
Let k(d) = -d**3 - 61*d**2 - 227*d + 99. Calculate k(-57).
42
Let i(s) = 2*s**3 + 39*s**2 + s - 340. Determine i(-19).
2
Let r(b) = -82*b - 8068. Give r(-99).
50
Let v(k) = k**3 + 3*k**2 + 14*k + 139. What is v(-6)?
-53
Let v(z) = 14*z**3 - 220*z**2 - 219*z + 2. Calculate v(-1).
-13
Let t(w) = -2*w**2 + 16*w - 31. Determine t(8).
-31
Let z(c) = c**2 - 42*c - 390. What is z(-8)?
10
Let o(q) = 7*q**2 + 127*q - 117. Calculate o(-19).
-3
Let q(o) = -7*o**3 + 187*o**2 + 56*o - 53. Give q(27).
1
Let s(r) = 247*r + 3957. What is s(-16)?
5
Let g(o) = -23922*o + 23914. What is g(1)?
-8
Let o(c) = -c**3 - 5*c**2 - 12*c + 4. Determine o(-6).
112
Let g(z) = -z**2 + 1014*z - 15978. Give g(16).
-10
Let i(h) = -3*h**3 - 61*h**2 - 259*h - 3. What is i(-6)?
3
Let c(u) = u**3 - 2*u - 36. Give c(0).
-36
Let g(i) = -6*i - 419. Give g(43).
-677
Let g(w) = 7*w**2 + 906*w + 5524. Give g(-123).
-11
Let l(m) = -2*m**2 + 33*m - 201. Determine l(15).
-156
Let d(u) = -74*u - 4779. Calculate d(-67).
179
Let f(q) = q**3 - 4*q**2 - 14*q + 56. Calculate f(5).
11
Let k(o) = -3*o**2 + 66*o + 2169. Give k(40).
9
Let z(h) = h**3 - 8*h**2 - 13*h + 43. Give z(9).
7
Let s(b) = -37*b - 311. Give s(-8).
-15
Let q(u) = -3*u**2 + 58*u - 9. Calculate q(18).
63
Let m(w) = w**3 + 2*w**2 - 11*w - 14. Calculate m(-5).
-34
Let h(w) = w**2 - 60*w + 719. Calculate h(18).
-37
Let s(r) = 8*r**3 + 598*r**2 - 150*r - 7. What is s(-75)?
-7
Let i(w) = -2*w - 168. What is i(23)?
-214
Let g(p) = p**2 + 60*p + 378. Calculate g(-55).
103
Let c(d) = d**3 + 35*d**2 - 110*d + 118. Calculate c(-38).
-34
Let u(b) = -151*b - 6360. Calculate u(-42).
-18
Let u(v) = 2*v**2 - 81*v + 234. What is u(37)?
-25
Let y(m) = 1276*m + 6342. What is y(-5)?
-38
Let w(x) = -x**2 + 494*x - 985. Give w(2).
-1
Let l(i) = i**3 + 12*i**2 - 1344*i - 12342. Give l(-9).
-3
Let l(r) = -63*r + 2246. Determine l(36).
-22
Let z(s) = -14*s**2 - 31*s + 69. Determine z(2).
-49
Let t(l) = 28*l - 246. Determine t(7).
-50
Let j(h) = 32*h**2 + 5058*h + 363. Give j(-158).
47
Let h(a) = 11*a**2 + 674*a + 150. Calculate h(-61).
-33
Let f(j) = 7*j - 70. Calculate f(7).
-21
Let g(b) = -b**3 + 3*b**2 - 2*b - 2. What is g(2)?
-2
Let a(t) = -2*t**3 + 7*t**2 - 7*t + 10. Determine a(4).
-34
Let y(r) = 4*